8606. List the prime factors of b.
2, 7, 2663
What are the prime factors of 18/(388540/(-35324) + 11)?
3, 8831
Suppose 6*u - 4*u - 2 = 0. Let q be u/((8/70)/4). Suppose -6*j = -j - q. What are the prime factors of j?
7
Suppose -61*q + 23*q + 74298 = -9*q. What are the prime factors of q?
2, 3, 7, 61
Let p be (40/15 - 3) + 85/(-15). Let u be -6*6/(-27)*-3. List the prime factors of 0*(12/(-4) - u) - p.
2, 3
Let o be 2/(-4)*-83 - (-4)/(-8). Let g(v) = -v**3 - 22*v + 42*v + 13 + 15*v**2 - o*v. List the prime factors of g(13).
2, 3, 13
Suppose 4*h = 14*h - 10200. Suppose 5*l - 315 = h. Suppose -5*z - r + 3*r = -330, -r = -4*z + l. List the prime factors of z.
2, 17
Suppose 0 = 13*a - 26 - 52. Suppose -a*r + 2*r = 12. List the prime factors of r + 6/((-18)/(-753)).
2, 31
Suppose -10*i + 15*i = -58*i + 287595. List the prime factors of i.
5, 11, 83
Let i(f) = -178*f + 6. Let v be i(-1). Suppose -a - v = -2*w, -19*w + 14*w - a + 474 = 0. What are the prime factors of w?
2, 47
Let v(k) = -k + 5. Let r be v(2). Suppose -r*t + 973 = -5*c, 4*c + 0*t = -2*t - 774. Let f = c + 273. List the prime factors of f.
79
Suppose p - 4*p + 84 = 0. Suppose -p*q = -26*q - 360. List the prime factors of (1 + (-4)/8)/(2/q).
3, 5
Let a(n) = -174*n**3 - 2*n**2 + 2*n + 1. Suppose -3*g = 5*q - 11, -4*q = -q - 4*g + 5. Let y be a(q). Let i = y + 257. What are the prime factors of i?
2, 3, 7
Suppose 0 = -17*t + 518420 + 513582. What are the prime factors of t?
2, 127, 239
Suppose n - 85 + 77 = 0, 4*d - 3*n = 156636. List the prime factors of d.
3, 5, 7, 373
What are the prime factors of ((-236276)/40)/((-88)/880)?
59069
Suppose -13*m - 32 - 33 = 0. What are the prime factors of -36*(1110/18)/m?
2, 3, 37
Suppose -5*j = 5*q - 10, 0 = -4*j + q + 2*q + 22. Suppose 3*z = z + j*s + 948, 0 = -2*s + 2. Suppose -z = -3*b - b. What are the prime factors of b?
7, 17
Suppose -14 = -9*c + 2*c. Suppose 1 - 5 = -c*w. Suppose -242 = -w*p + 12. List the prime factors of p.
127
Let r(a) = 164*a + 114. Let j be r(12). Suppose 21*i - 19*i = j. List the prime factors of i.
3, 347
Suppose -20*n + 761205 = -36*n + 109*n. List the prime factors of n.
5, 1637
Suppose t - 4*z - 18 = 0, -4*z = -z - 9. Let c = -28 + t. Suppose 0 = c*q - 23 - 91. What are the prime factors of q?
3, 19
Let n be (-3 - 0)*64/(-48). Suppose -3*f + n*f = -2*s + 119, -s = -f - 55. What are the prime factors of s?
2, 29
Let z(b) = b**2 + 124*b + 626. List the prime factors of z(57).
31, 353
Suppose 0 = -5*q - 2*c + 38, -8*q + 3*c = -5*q - 27. Suppose -q*s - t + 713 = -3*s, 0 = 3*t + 6. Let l = s - -22. List the prime factors of l.
3, 5, 11
Let s(k) = -k**3 - 2*k**2 + 6*k - 8. Let n be s(-4). Let j(f) = 2*f**2 + 2*f + 204. Let d be j(n). Let r = d - 131. List the prime factors of r.
73
Suppose -2*s - 2067 - 1632 = -i, 0 = -s + 2. What are the prime factors of i?
7, 23
Let p be 2/(-2)*4 - -142. Suppose w - 246 = -5*o, 3*w - p = -3*o - 0*w. Suppose 2*n - 2*r = 2 + 6, 5*n + r - o = 0. List the prime factors of n.
3
What are the prime factors of ((-575)/(-15))/(14/1806)?
5, 23, 43
Let c = 27073 + -10158. List the prime factors of c.
5, 17, 199
What are the prime factors of (18/60)/(53/5846430)?
3, 3677
Let i be (-1 - (-3)/3) + -4 - -225. Let f = i - 75. What are the prime factors of f?
2, 73
What are the prime factors of (4330/(-40)*-74)/(-6 + 65/10)?
37, 433
Let v(r) = 5*r + 17. Let n be v(-18). Let x = n - -76. Suppose -k + 899 = 5*g, g - x*k - 183 = -4*k. What are the prime factors of g?
179
Let c = -1330 + 368. Let h = 1618 + c. Suppose h = 9*l - 5*l. List the prime factors of l.
2, 41
Let h(y) = y**2 - 8*y - 136. Let o be h(16). List the prime factors of (-8 - 336)*4/(o/3).
2, 3, 43
Let w = -304 + 314. Suppose w*v - 2967 - 383 = 0. What are the prime factors of v?
5, 67
Let h be (-18)/10 - (5/25 + 0). What are the prime factors of 5828/8*(-6 + 6 - h)?
31, 47
List the prime factors of (278 - (3 - 6))/(29/899).
31, 281
Suppose 23*j - 209592 = -181197 + 242821. List the prime factors of j.
2, 11, 67
Let q = 261 - 377. Let r = 163 + q. Let j = 157 - r. What are the prime factors of j?
2, 5, 11
Let j = -10466 - -22889. List the prime factors of j.
3, 41, 101
Let y = 2321 + -1422. Let s = y + -586. What are the prime factors of s?
313
Let a(k) = -k**3 + 34*k**2 + 185*k - 31. What are the prime factors of a(31)?
31, 277
Suppose 183*h - 2697859 = -8*h - 182580. What are the prime factors of h?
13, 1013
Let h = 6451 - 4472. List the prime factors of h.
1979
Let k(q) = -q**3 + 13*q**2 - 5*q - 19. Let m be k(11). Let h be m/30*(-230)/(-4). Suppose 3*u - h - 71 = 0. What are the prime factors of u?
131
Let s = 48545 - 7756. What are the prime factors of s?
7, 5827
Suppose -34*b - v + 136587 = -29*b, -3*b = -5*v - 81969. List the prime factors of b.
2, 3, 29, 157
Suppose 6*h - 2*h = 2*j, -2*j = -h - 3. Let r = -2736 + 2756. Suppose 4*n + r = 0, -175 = -j*k + 4*n - 7*n. What are the prime factors of k?
5, 19
Let o = -9 + -3. Let k(b) = 2*b + 23. Let r(f) = -2*f - 24. Let p(c) = -2*k(c) - 3*r(c). What are the prime factors of p(o)?
2
Let i(t) = -76*t - 1171. List the prime factors of i(-25).
3
Let a be 13 + (-3 - 3) + -4. Suppose -4*l - x = -2*x - 1278, 963 = a*l - 3*x. List the prime factors of l.
11, 29
Let o(k) = -15*k + 868. What are the prime factors of o(-34)?
2, 13, 53
Let g(j) = -5*j**3 - 4*j**2 + 17*j + 18. Let w(t) = -7*t**3 - 6*t**2 + 17*t + 17. Let l(u) = 3*g(u) - 2*w(u). What are the prime factors of l(-10)?
2, 5, 17
Let g be (-26 + 1)/(-3 - -2). Let f = -34 + g. List the prime factors of (-4)/(-18) + (-97)/f + -3.
2
Suppose x + n - 450 - 70 = 0, -2084 = -4*x - 3*n. Let u = 708 - x. What are the prime factors of u?
2, 23
Suppose 0 = 3*j - 4*t - 768, -t + 238 = 4*j - 786. Suppose -3*o = f + f - 194, 4*f - j = -4*o. What are the prime factors of o?
2, 3, 11
Let d(g) = -1690*g - 7. Let p(i) = -1691*i - 6. Let n(a) = 7*d(a) - 6*p(a). Let m be n(3). What are the prime factors of 9/(-15) + m/(-25)?
2, 101
Let b = -9839 + 19318. List the prime factors of b.
9479
Let x(r) = 10*r + 83. Let c be x(-8). Suppose -o = 2*o - l - 1213, -c*l - 399 = -o. List the prime factors of o.
3, 5
Suppose -7*y + 420 = -2*y + 5*j, -10 = 2*j. Let f be (-30)/(-15) + y*1. Let g = f + 22. List the prime factors of g.
113
Let t = 63662 + 3905. What are the prime factors of t?
67567
Let m be (-5 - -7) + (-700 - 0)/(-4). Let y = -23 + m. List the prime factors of y.
2, 7, 11
Let t(o) = -58*o**2 + o - 2 + 9*o + 57*o**2 + 3. Let p be t(5). Let x = 126 + p. What are the prime factors of x?
2, 19
Let c = 172 - 173. Let b(j) = -508*j**3 - j - 1. List the prime factors of b(c).
2, 127
Suppose 505*n - 509*n + 258924 = 0. What are the prime factors of n?
3, 21577
Let l be (2/6)/(-4 - 66/(-18)). Let a be -28 - (-3 + 2)*1 - l. What are the prime factors of (a/5)/(25/(-375))?
2, 3, 13
Suppose -13779 - 95534 - 35341 = -3*m. List the prime factors of m.
2, 24109
What are the prime factors of (35/21)/((-2)/(-5232))?
2, 5, 109
Let r(c) be the first derivative of 2*c**3 - 2*c**2 + c - 22. Let i be r(-6). Suppose 3*u = -37 + i. List the prime factors of u.
2, 17
Let f = 1350 - 620. Suppose 11*i = f + 766. What are the prime factors of i?
2, 17
Let r(t) = -6*t**3 + 12*t**2 + 2*t + 3. Let b(n) = -n**3 - n. Let o(g) = -4*b(g) + r(g). What are the prime factors of o(6)?
3, 13
Let h = -4072 + 4787. What are the prime factors of h?
5, 11, 13
Suppose -z - 5*d = -3*z + 79, 5*z - 4*d - 155 = 0. List the prime factors of (-2)/(-9)*-1 - (-7323)/z.
271
Let m(k) = 15921*k**3 - 14*k**2 - k - 1. What are the prime factors of m(1)?
5, 3181
Let m = 42 - 42. Suppose -6*k - 2 + 2 = m. Suppose k = -4*n - 3*x + 110 - 27, 0 = -2*x + 2. List the prime factors of n.
2, 5
Let a = -356 + 400. Suppose a*i - 3460 = 24*i. List the prime factors of i.
173
List the prime factors of (3/2)/(615/7354580).
2, 8969
Suppose 5*o - 795 = 5*f, 0*o - 2*o + 480 = -3*f. Let m(s) = -s**2 - 3*s - 6. Let l be m(-5). Let t = l - f. List the prime factors of t.
2, 73
Let w(z) = -2*z**2 + 4*z + 16. Suppose 5*r - 4*d = -d + 9, 4*d = 5*r - 12. List the prime factors of w(r).
2
Let v(h) = -284*h + 9. Let d(j) = 285*j - 8. Let s(o) = 6*d(o) + 5*v(o). What are the prime factors of s(1)?
7, 41
Let f(u) = -6*u + 4. Let p(w) = 1. 